{"id":6347,"date":"2026-03-15T12:02:52","date_gmt":"2026-03-15T11:02:52","guid":{"rendered":"https:\/\/lesbellesjourneesdubienetre.com\/?page_id=6347"},"modified":"2026-03-15T12:03:32","modified_gmt":"2026-03-15T11:03:32","slug":"eaunes-2026-le-jardin-demilie","status":"publish","type":"page","link":"https:\/\/lesbellesjourneesdubienetre.com\/index.php\/eaunes-2026-le-jardin-demilie\/","title":{"rendered":"Eaunes 2026 Le jardin d&rsquo;Emilie"},"content":{"rendered":"\t\t<div data-elementor-type=\"wp-page\" data-elementor-id=\"6347\" class=\"elementor elementor-6347\">\n\t\t\t\t<div class=\"elementor-element elementor-element-da3c3bd e-flex e-con-boxed wpr-particle-no wpr-jarallax-no wpr-parallax-no wpr-sticky-section-no wpr-equal-height-no e-con e-parent\" data-id=\"da3c3bd\" data-element_type=\"container\" data-e-type=\"container\">\n\t\t\t\t\t<div class=\"e-con-inner\">\n\t\t\t\t<div class=\"elementor-element elementor-element-39024d6 elementor-widget elementor-widget-image\" data-id=\"39024d6\" data-element_type=\"widget\" data-e-type=\"widget\" data-widget_type=\"image.default\">\n\t\t\t\t<div class=\"elementor-widget-container\">\n\t\t\t\t\t\t\t\t\t\t\t\t\t\t\t<img fetchpriority=\"high\" decoding=\"async\" width=\"1024\" height=\"389\" src=\"https:\/\/lesbellesjourneesdubienetre.com\/wp-content\/uploads\/2025\/02\/jardinEmi-logo-RVB-horizontal-big-beige-1024x389.webp\" class=\"attachment-large size-large wp-image-2609\" alt=\"\" srcset=\"https:\/\/lesbellesjourneesdubienetre.com\/wp-content\/uploads\/2025\/02\/jardinEmi-logo-RVB-horizontal-big-beige-1024x389.webp 1024w, https:\/\/lesbellesjourneesdubienetre.com\/wp-content\/uploads\/2025\/02\/jardinEmi-logo-RVB-horizontal-big-beige-300x114.webp 300w, https:\/\/lesbellesjourneesdubienetre.com\/wp-content\/uploads\/2025\/02\/jardinEmi-logo-RVB-horizontal-big-beige-768x292.webp 768w, https:\/\/lesbellesjourneesdubienetre.com\/wp-content\/uploads\/2025\/02\/jardinEmi-logo-RVB-horizontal-big-beige-1536x584.webp 1536w, https:\/\/lesbellesjourneesdubienetre.com\/wp-content\/uploads\/2025\/02\/jardinEmi-logo-RVB-horizontal-big-beige.webp 1754w\" sizes=\"(max-width: 1024px) 100vw, 1024px\" \/>\t\t\t\t\t\t\t\t\t\t\t\t\t\t\t<\/div>\n\t\t\t\t<\/div>\n\t\t\t\t\t<\/div>\n\t\t\t\t<\/div>\n\t\t<div class=\"elementor-element elementor-element-c84cd27 e-flex e-con-boxed wpr-particle-no wpr-jarallax-no wpr-parallax-no wpr-sticky-section-no wpr-equal-height-no e-con e-parent\" data-id=\"c84cd27\" data-element_type=\"container\" data-e-type=\"container\">\n\t\t\t\t\t<div class=\"e-con-inner\">\n\t\t\t\t<div class=\"elementor-element elementor-element-a65a51a elementor-widget elementor-widget-heading\" data-id=\"a65a51a\" data-element_type=\"widget\" data-e-type=\"widget\" data-widget_type=\"heading.default\">\n\t\t\t\t<div class=\"elementor-widget-container\">\n\t\t\t\t\t<h2 class=\"elementor-heading-title elementor-size-default\">Le jardin d'Emilie<\/h2>\t\t\t\t<\/div>\n\t\t\t\t<\/div>\n\t\t\t\t\t<\/div>\n\t\t\t\t<\/div>\n\t\t<div class=\"elementor-element elementor-element-c10bf16 e-flex e-con-boxed wpr-particle-no wpr-jarallax-no wpr-parallax-no wpr-sticky-section-no wpr-equal-height-no e-con e-parent\" data-id=\"c10bf16\" data-element_type=\"container\" data-e-type=\"container\">\n\t\t\t\t\t<div class=\"e-con-inner\">\n\t\t\t\t<div class=\"elementor-element elementor-element-ca52ba3 elementor-widget elementor-widget-text-editor\" data-id=\"ca52ba3\" data-element_type=\"widget\" data-e-type=\"widget\" data-widget_type=\"text-editor.default\">\n\t\t\t\t<div class=\"elementor-widget-container\">\n\t\t\t\t\t\t\t\t\t<p><span style=\"color: #000000;\">Fabrication de produits cosm\u00e9tiques naturels et bio \u00e0 partir des plantes m\u00e9dicinales cultiv\u00e9es sur mon exploitation agricole bio.<\/span><\/p><p>Mes produits sont certifi\u00e9s bio et valid\u00e9s par une toxicologue.<\/p><p>\u00a0<\/p>\t\t\t\t\t\t\t\t<\/div>\n\t\t\t\t<\/div>\n\t\t\t\t<div class=\"elementor-element elementor-element-a14b5e2 elementor-widget elementor-widget-text-editor\" data-id=\"a14b5e2\" data-element_type=\"widget\" data-e-type=\"widget\" data-widget_type=\"text-editor.default\">\n\t\t\t\t<div class=\"elementor-widget-container\">\n\t\t\t\t\t\t\t\t\t<p><span style=\"text-decoration: underline;\">Exposant<\/span> : Emilie Caubet<\/p><p><span style=\"text-decoration: underline;\">T\u00e9l\u00e9phone<\/span> :06.79.13.66.24<\/p><p><span style=\"text-decoration: underline;\">Adresse mail<\/span> : contact@lejardindemilie.com<\/p><p><span style=\"text-decoration: underline;\">Site internet<\/span> :\u00a0<a href=\"http:\/\/www.lejardindemilie.com\">http:\/\/www.lejardindemilie.com<\/a><\/p><p><span style=\"text-decoration: underline;\">R\u00e9seaux sociaux<\/span> :\u00a0<\/p><p>Facebook : lejardindemilie31<\/p><p>Instagram : lejardindemilie31<\/p>\t\t\t\t\t\t\t\t<\/div>\n\t\t\t\t<\/div>\n\t\t\t\t\t<\/div>\n\t\t\t\t<\/div>\n\t\t\t\t<\/div>\n\t\t","protected":false},"excerpt":{"rendered":"<p>Le jardin d&rsquo;Emilie Fabrication de produits cosm\u00e9tiques naturels et bio \u00e0 partir des plantes m\u00e9dicinales cultiv\u00e9es sur mon exploitation agricole bio. Mes produits sont certifi\u00e9s bio et valid\u00e9s par une toxicologue. \u00a0 Exposant : Emilie Caubet T\u00e9l\u00e9phone :06.79.13.66.24 Adresse mail : contact@lejardindemilie.com Site internet :\u00a0http:\/\/www.lejardindemilie.com R\u00e9seaux sociaux :\u00a0 Facebook : lejardindemilie31 Instagram : lejardindemilie31<\/p>\n","protected":false},"author":1,"featured_media":0,"parent":0,"menu_order":0,"comment_status":"closed","ping_status":"closed","template":"elementor_header_footer","meta":{"footnotes":""},"class_list":["post-6347","page","type-page","status-publish","hentry","entry"],"_links":{"self":[{"href":"https:\/\/lesbellesjourneesdubienetre.com\/index.php\/wp-json\/wp\/v2\/pages\/6347","targetHints":{"allow":["GET"]}}],"collection":[{"href":"https:\/\/lesbellesjourneesdubienetre.com\/index.php\/wp-json\/wp\/v2\/pages"}],"about":[{"href":"https:\/\/lesbellesjourneesdubienetre.com\/index.php\/wp-json\/wp\/v2\/types\/page"}],"author":[{"embeddable":true,"href":"https:\/\/lesbellesjourneesdubienetre.com\/index.php\/wp-json\/wp\/v2\/users\/1"}],"replies":[{"embeddable":true,"href":"https:\/\/lesbellesjourneesdubienetre.com\/index.php\/wp-json\/wp\/v2\/comments?post=6347"}],"version-history":[{"count":4,"href":"https:\/\/lesbellesjourneesdubienetre.com\/index.php\/wp-json\/wp\/v2\/pages\/6347\/revisions"}],"predecessor-version":[{"id":6352,"href":"https:\/\/lesbellesjourneesdubienetre.com\/index.php\/wp-json\/wp\/v2\/pages\/6347\/revisions\/6352"}],"wp:attachment":[{"href":"https:\/\/lesbellesjourneesdubienetre.com\/index.php\/wp-json\/wp\/v2\/media?parent=6347"}],"curies":[{"name":"wp","href":"https:\/\/api.w.org\/{rel}","templated":true}]}}

<div data-elementor-type="wp-page" data-elementor-id="6347" class="elementor elementor-6347">
				<div class="elementor-element elementor-element-da3c3bd e-flex e-con-boxed wpr-particle-no wpr-jarallax-no wpr-parallax-no wpr-sticky-section-no wpr-equal-height-no e-con e-parent" data-id="da3c3bd" data-element_type="container" data-e-type="container">
					<div class="e-con-inner">
				<div class="elementor-element elementor-element-39024d6 elementor-widget elementor-widget-image" data-id="39024d6" data-element_type="widget" data-e-type="widget" data-widget_type="image.default">
				<div class="elementor-widget-container">
															<img fetchpriority="high" decoding="async" width="1024" height="389" src="https://lesbellesjourneesdubienetre.com/wp-content/uploads/2025/02/jardinEmi-logo-RVB-horizontal-big-beige-1024x389.webp" class="attachment-large size-large wp-image-2609" alt="" srcset="https://lesbellesjourneesdubienetre.com/wp-content/uploads/2025/02/jardinEmi-logo-RVB-horizontal-big-beige-1024x389.webp 1024w, https://lesbellesjourneesdubienetre.com/wp-content/uploads/2025/02/jardinEmi-logo-RVB-horizontal-big-beige-300x114.webp 300w, https://lesbellesjourneesdubienetre.com/wp-content/uploads/2025/02/jardinEmi-logo-RVB-horizontal-big-beige-768x292.webp 768w, https://lesbellesjourneesdubienetre.com/wp-content/uploads/2025/02/jardinEmi-logo-RVB-horizontal-big-beige-1536x584.webp 1536w, https://lesbellesjourneesdubienetre.com/wp-content/uploads/2025/02/jardinEmi-logo-RVB-horizontal-big-beige.webp 1754w" sizes="(max-width: 1024px) 100vw, 1024px" />															</div>
				</div>
					</div>
				</div>
		<div class="elementor-element elementor-element-c84cd27 e-flex e-con-boxed wpr-particle-no wpr-jarallax-no wpr-parallax-no wpr-sticky-section-no wpr-equal-height-no e-con e-parent" data-id="c84cd27" data-element_type="container" data-e-type="container">
					<div class="e-con-inner">
				<div class="elementor-element elementor-element-a65a51a elementor-widget elementor-widget-heading" data-id="a65a51a" data-element_type="widget" data-e-type="widget" data-widget_type="heading.default">
				<div class="elementor-widget-container">
					<h2 class="elementor-heading-title elementor-size-default">Le jardin d'Emilie</h2>				</div>
				</div>
					</div>
				</div>
		<div class="elementor-element elementor-element-c10bf16 e-flex e-con-boxed wpr-particle-no wpr-jarallax-no wpr-parallax-no wpr-sticky-section-no wpr-equal-height-no e-con e-parent" data-id="c10bf16" data-element_type="container" data-e-type="container">
					<div class="e-con-inner">
				<div class="elementor-element elementor-element-ca52ba3 elementor-widget elementor-widget-text-editor" data-id="ca52ba3" data-element_type="widget" data-e-type="widget" data-widget_type="text-editor.default">
				<div class="elementor-widget-container">
									<p><span style="color: #000000;">Fabrication de produits cosmétiques naturels et bio à partir des plantes médicinales cultivées sur mon exploitation agricole bio.</span></p><p>Mes produits sont certifiés bio et validés par une toxicologue.</p><p> </p>								</div>
				</div>
				<div class="elementor-element elementor-element-a14b5e2 elementor-widget elementor-widget-text-editor" data-id="a14b5e2" data-element_type="widget" data-e-type="widget" data-widget_type="text-editor.default">
				<div class="elementor-widget-container">
									<p><span style="text-decoration: underline;">Exposant</span> : Emilie Caubet</p><p><span style="text-decoration: underline;">Téléphone</span> :06.79.13.66.24</p><p><span style="text-decoration: underline;">Adresse mail</span> : contact@lejardindemilie.com</p><p><span style="text-decoration: underline;">Site internet</span> : <a href="http://www.lejardindemilie.com">http://www.lejardindemilie.com</a></p><p><span style="text-decoration: underline;">Réseaux sociaux</span> : </p><p>Facebook : lejardindemilie31</p><p>Instagram : lejardindemilie31</p>								</div>
				</div>
					</div>
				</div>
				</div>

<p>Le jardin d&rsquo;Emilie Fabrication de produits cosmétiques naturels et bio à partir des plantes médicinales cultivées sur mon exploitation agricole bio. Mes produits sont certifiés bio et validés par une toxicologue.   Exposant : Emilie Caubet Téléphone :06.79.13.66.24 Adresse mail : contact@lejardindemilie.com Site internet : http://www.lejardindemilie.com Réseaux sociaux :  Facebook : lejardindemilie31 Instagram : lejardindemilie31</p>
